ed by 10?
7
What is the remainder when 1209 is divided by 218?
119
Calculate the remainder when 5007 is divided by 147.
9
Calculate the remainder when 427 is divided by 21.
7
Calculate the remainder when 136 is divided by 42.
10
What is the remainder when 279 is divided by 74?
57
Calculate the remainder when 367 is divided by 46.
45
What is the remainder when 385 is divided by 43?
41
Calculate the remainder when 75 is divided by 47.
28
What is the remainder when 356 is divided by 60?
56
What is the remainder when 4306 is divided by 32?
18
What is the remainder when 417 is divided by 18?
3
What is the remainder when 90 is divided by 36?
18
What is the remainder when 521 is divided by 44?
37
Calculate the remainder when 136 is divided by 69.
67
Calculate the remainder when 80 is divided by 18.
8
What is the remainder when 8268 is divided by 24?
12
Calculate the remainder when 1062 is divided by 82.
78
What is the remainder when 65 is divided by 33?
32
Calculate the remainder when 385 is divided by 65.
60
What is the remainder when 655 is divided by 648?
7
What is the remainder when 548 is divided by 55?
53
Calculate the remainder when 115 is divided by 61.
54
What is the remainder when 213 is divided by 31?
27
Calculate the remainder when 50 is divided by 8.
2
What is the remainder when 4033 is divided by 37?
0
Calculate the remainder when 106 is divided by 50.
6
Calculate the remainder when 575 is divided by 80.
15
Calculate the remainder when 78 is divided by 37.
4
Calculate the remainder when 303 is divided by 9.
6
What is the remainder when 127 is divided by 10?
7
What is the remainder when 1074 is divided by 19?
10
Calculate the remainder when 2141 is divided by 1070.
1
What is the remainder when 265 is divided by 249?
16
What is the remainder when 439 is divided by 88?
87
Calculate the remainder when 206 is divided by 26.
24
What is the remainder when 392 is divided by 391?
1
What is the remainder when 1633 is divided by 544?
1
Calculate the remainder when 2410 is divided by 121.
111
What is the remainder when 66 is divided by 22?
0
Calculate the remainder when 17 is divided by 3.
2
Calculate the remainder when 68 is divided by 18.
14
Calculate the remainder when 1854 is divided by 7.
6
What is the remainder when 115 is divided by 42?
31
What is the remainder when 292 is divided by 69?
16
Calculate the remainder when 232 is divided by 47.
44
What is the remainder when 897 is divided by 9?
6
What is the remainder when 2027 is divided by 7?
4
Calculate the remainder when 119 is divided by 56.
7
What is the remainder when 182 is divided by 31?
27
What is the remainder when 11999 is divided by 100?
99
Calculate the remainder when 1795 is divided by 58.
55
What is the remainder when 188 is divided by 59?
11
Calculate the remainder when 134 is divided by 121.
13
What is the remainder when 33 is divided by 6?
3
What is the remainder when 610 is divided by 190?
40
What is the remainder when 54 is divided by 7?
5
What is the remainder when 9159 is divided by 29?
24
What is the remainder when 1503 is divided by 751?
1
What is the remainder when 79 is divided by 17?
11
What is the remainder when 347 is divided by 117?
113
Calculate the remainder when 263 is divided by 148.
115
What is the remainder when 717 is divided by 15?
12
Calculate the remainder when 6319 is divided by 7.
5
Calculate the remainder when 134 is divided by 34.
32
Calculate the remainder when 296 is divided by 50.
46
What is the remainder when 915 is divided by 21?
12
What is the remainder when 45 is divided by 25?
20
What is the remainder when 58 is divided by 6?
4
Calculate the remainder when 103 is divided by 52.
51
Calculate the remainder when 38121 is divided by 67.
65
What is the remainder when 639 is divided by 6?
3
Calculate the remainder when 35 is divided by 14.
7
Calculate the remainder when 549 is divided by 24.
21
What is the remainder when 97 is divided by 13?
6
Calculate the remainder when 59 is divided by 45.
14
Calculate the remainder when 395 is divided by 12.
11
What is the remainder when 684 is divided by 666?
18
What is the remainder when 1089 is divided by 21?
18
Calculate the remainder when 416 is divided by 33.
20
Calculate the remainder when 246 is divided by 65.
51
Calculate the remainder when 71 is divided by 25.
21
Calculate the remainder when 173 is divided by 49.
26
Calculate the remainder when 260 is divided by 24.
20
Calculate the remainder when 602 is divided by 61.
53
Calculate the remainder when 65 is divided by 18.
11
Calculate the remainder when 233 is divided by 40.
33
Calculate the remainder when 1678 is divided by 84.
82
What is the remainder when 266 is divided by 127?
12
What is the remainder when 5072 is divided by 7?
4
Calculate the remainder when 46 is divided by 24.
22
Calculate the remainder when 65 is divided by 25.
15
What is the remainder when 214 is divided by 43?
42
What is the remainder when 454 is divided by 6?
4
Calculate the remainder when 319 is divided by 80.
79
What is the remainder when 36 is divided by 15?
6
Calculate the remainder when 377 is divided by 125.
2
Calculate the remainder when 81 is divided by 71.
10
What is the remainder when 197 is divided by 46?
13
What is the remainder when 695 is divided by 38?
11
What is the remainder when 430 is divided by 113?
91
What is the remainder when 273 is divided by 53?
8
Calculate the remainder when 116 is divided by 17.
14
What is the remainder when 3437 is divided by 115?
102
Calculate the remainder when 174 is divided by 33.
9
What is the remainder when 346 is divided by 27?
22
What is the remainder when 408 is divided by 284?
124
Calculate the remainder when 582 is divided by 27.
15
What is the remainder when 7474 is divided by 187?
181
Calculate the remainder when 401 is divided by 39.
11
What is the remainder when 256 is divided by 19?
9
Calculate the remainder when 261 is divided by 44.
41
What is the remainder when 3042 is divided by 105?
102
What is the remainder when 77 is divided by 5?
2
What is the remainder when 987 is divided by 55?
52
Calculate the remainder when 529 is divided by 47.
12
What is the remainder when 871 is divided by 23?
20
Calculate the remainder when 178 is divided by 74.
30
What is the remainder when 24 is divided by 24?
0
What is the remainder when 1291 is divided by 119?
101
What is the remainder when 364 is divided by 23?
19
What is the remainder when 923 is divided by 459?
5
Calculate the remainder when 1837 is divided by 232.
213
Calculate the remainder when 169 is divided by 138.
31
What is the remainder when 6097 is divided by 57?
55
What is the remainder when 527 is divided by 106?
103
What is the remainder when 631 is divided by 224?
183
What is the remainder when 142 is divided by 18?
16
Calculate the remainder when 786 is divided by 42.
30
Calculate the remainder when 538 is divided by 18.
16
Calculate the remainder when 24 is divided by 19.
5
What is the remainder when 539 is divided by 90?
89
What is the remainder when 62 is divided by 21?
20
What is the remainder when 8282 is divided by 5?
2
Calculate the remainder when 97 is divided by 7.
6
What is the remainder when 2189 is divided by 217?
19
Calculate the remainder when 2544 is divided by 61.
43
Calculate the remainder when 2482 is divided by 36.
34
Calculate the remainder when 526 is divided by 12.
10
Calculate the remainder when 31 is divided by 22.
9
What is the remainder when 332 is divided by 317?
15
Calculate the remainder when 1437 is divided by 6.
3
What is the remainder when 2237 is divided by 4?
1
Calculate the remainder when 646 is divided by 99.
52
Calculate the remainder when 154 is divided by 40.
34
What is the remainder when 10413 is divided by 20?
13
Calculate the remainder when 248 is divided by 9.
5
Calculate the remainder when 325 is divided by 208.
117
Calculate the remainder when 15259 is divided by 71.
65
Calculate the remainder when 287 is divided by 42.
35
What is the remainder when 2101 is divided by 48?
37
Calculate the remainder when 293 is divided by 42.
41
Calculate the remainder when 760 is divided by 99.
67
What is the remainder when 148 is divided by 30?
28
What is the remainder when 73 is divided by 20?
13
Calculate the remainder when 761 